{"id":301,"date":"2021-03-09T08:11:42","date_gmt":"2021-03-09T08:11:42","guid":{"rendered":"https:\/\/nehreklam.se\/eshop\/hymercentershop\/?post_type=product&#038;p=301"},"modified":"2021-03-09T08:11:43","modified_gmt":"2021-03-09T08:11:43","slug":"keps-hymer","status":"publish","type":"product","link":"https:\/\/nehreklam.se\/eshop\/hymercentershop\/produkt\/keps-hymer\/","title":{"rendered":"Keps, Hymer"},"content":{"rendered":"","protected":false},"excerpt":{"rendered":"<p>Fempanelskeps i bomullstwill. F\u00f6rst\u00e4rkning i front och f\u00f6rb\u00f6jd sk\u00e4rm, justerbar med kardborresp\u00e4nne bak. One size.<\/p>\n<p>Material: Bomullstwill<br \/>\nSp\u00e4nne: Kardborre<\/p>\n<p><strong>Tryckt<\/strong> logga framtill.<\/p>\n","protected":false},"featured_media":303,"template":"","meta":[],"product_brand":[],"product_cat":[22],"product_tag":[],"class_list":{"0":"post-301","1":"product","2":"type-product","3":"status-publish","4":"has-post-thumbnail","6":"product_cat-hymer","8":"first","9":"instock","10":"taxable","11":"shipping-taxable","12":"purchasable","13":"product-type-simple"},"_links":{"self":[{"href":"https:\/\/nehreklam.se\/eshop\/hymercentershop\/wp-json\/wp\/v2\/product\/301","targetHints":{"allow":["GET"]}}],"collection":[{"href":"https:\/\/nehreklam.se\/eshop\/hymercentershop\/wp-json\/wp\/v2\/product"}],"about":[{"href":"https:\/\/nehreklam.se\/eshop\/hymercentershop\/wp-json\/wp\/v2\/types\/product"}],"wp:featuredmedia":[{"embeddable":true,"href":"https:\/\/nehreklam.se\/eshop\/hymercentershop\/wp-json\/wp\/v2\/media\/303"}],"wp:attachment":[{"href":"https:\/\/nehreklam.se\/eshop\/hymercentershop\/wp-json\/wp\/v2\/media?parent=301"}],"wp:term":[{"taxonomy":"product_brand","embeddable":true,"href":"https:\/\/nehreklam.se\/eshop\/hymercentershop\/wp-json\/wp\/v2\/product_brand?post=301"},{"taxonomy":"product_cat","embeddable":true,"href":"https:\/\/nehreklam.se\/eshop\/hymercentershop\/wp-json\/wp\/v2\/product_cat?post=301"},{"taxonomy":"product_tag","embeddable":true,"href":"https:\/\/nehreklam.se\/eshop\/hymercentershop\/wp-json\/wp\/v2\/product_tag?post=301"}],"curies":[{"name":"wp","href":"https:\/\/api.w.org\/{rel}","templated":true}]}}