{"id":1727,"date":"2024-03-05T13:21:52","date_gmt":"2024-03-05T13:21:52","guid":{"rendered":"https:\/\/nehreklam.se\/eshop\/nywebbshop\/?post_type=product&#038;p=1727"},"modified":"2024-03-05T13:31:33","modified_gmt":"2024-03-05T13:31:33","slug":"t-shirt-funktion-craft-dam","status":"publish","type":"product","link":"https:\/\/nehreklam.se\/eshop\/nywebbshop\/product\/t-shirt-funktion-craft-dam\/","title":{"rendered":"T-shirt Funktion Craft, Dam"},"content":{"rendered":"<!--themify_builder_content-->\n<div id=\"themify_builder_content-1727\" data-postid=\"1727\" class=\"themify_builder_content themify_builder_content-1727 themify_builder tf_clear\">\n    <\/div>\n<!--\/themify_builder_content-->\n","protected":false},"excerpt":{"rendered":"<p>En mjuk och funktionell tr\u00e4nings-t-shirt i \u00e5tervunnen polyester med effektiv fukttransport som passar till de flesta typer av intensiva aktiviteter. Detta avancerade tr\u00e4ningsplagg har \u00e4ven ergonomisk design f\u00f6r optimal passform, r\u00f6relsefrihet och komfort.<\/p>\n<p>\u2022 \u00c5tervunnen polyester<br \/>\n\u2022 Meshdetaljer f\u00f6r extra ventilation<br \/>\n\u2022 Dold ficka med dragkedja p\u00e5 h\u00f6ger sida<br \/>\n\u2022 Normal passform<\/p>\n<div>\n<div><strong>Storlekar:<\/strong> XS &#8211; XXL<\/div>\n<div class=\"Text-sc-s31epd-0 iovWTc d-inline f3-700 mr-1\"><strong>Material:<\/strong> Body 95% Polyester-recycled 5% Elastane Upper back body 100% Polyester-recycled<\/div>\n<\/div>\n","protected":false},"featured_media":1725,"comment_status":"open","ping_status":"closed","template":"","meta":[],"product_cat":[19],"product_tag":[180,35,31,64,34],"class_list":{"0":"post-1727","1":"product","2":"type-product","3":"status-publish","4":"has-post-thumbnail","6":"product_cat-dam","7":"product_tag-craft","8":"product_tag-dam","9":"product_tag-t-shirt","10":"product_tag-traning","11":"product_tag-troja","12":"has-post-title","13":"has-post-date","14":"has-post-category","15":"has-post-tag","16":"has-post-comment","17":"has-post-author","18":"","20":"first","21":"instock","22":"shipping-taxable","23":"purchasable","24":"product-type-variable"},"builder_content":"","_links":{"self":[{"href":"https:\/\/nehreklam.se\/eshop\/nywebbshop\/wp-json\/wp\/v2\/product\/1727","targetHints":{"allow":["GET"]}}],"collection":[{"href":"https:\/\/nehreklam.se\/eshop\/nywebbshop\/wp-json\/wp\/v2\/product"}],"about":[{"href":"https:\/\/nehreklam.se\/eshop\/nywebbshop\/wp-json\/wp\/v2\/types\/product"}],"replies":[{"embeddable":true,"href":"https:\/\/nehreklam.se\/eshop\/nywebbshop\/wp-json\/wp\/v2\/comments?post=1727"}],"wp:featuredmedia":[{"embeddable":true,"href":"https:\/\/nehreklam.se\/eshop\/nywebbshop\/wp-json\/wp\/v2\/media\/1725"}],"wp:attachment":[{"href":"https:\/\/nehreklam.se\/eshop\/nywebbshop\/wp-json\/wp\/v2\/media?parent=1727"}],"wp:term":[{"taxonomy":"product_cat","embeddable":true,"href":"https:\/\/nehreklam.se\/eshop\/nywebbshop\/wp-json\/wp\/v2\/product_cat?post=1727"},{"taxonomy":"product_tag","embeddable":true,"href":"https:\/\/nehreklam.se\/eshop\/nywebbshop\/wp-json\/wp\/v2\/product_tag?post=1727"}],"curies":[{"name":"wp","href":"https:\/\/api.w.org\/{rel}","templated":true}]}}