{"id":596,"date":"2024-01-17T12:14:47","date_gmt":"2024-01-17T12:14:47","guid":{"rendered":"https:\/\/nehreklam.se\/eshop\/nywebbshop\/?post_type=product&#038;p=596"},"modified":"2024-03-08T12:54:08","modified_gmt":"2024-03-08T12:54:08","slug":"startpaket-extra","status":"publish","type":"product","link":"https:\/\/nehreklam.se\/eshop\/nywebbshop\/product\/startpaket-extra\/","title":{"rendered":"Startpaket, Extra"},"content":{"rendered":"<!--themify_builder_content-->\n<div id=\"themify_builder_content-596\" data-postid=\"596\" class=\"themify_builder_content themify_builder_content-596 themify_builder tf_clear\">\n    <\/div>\n<!--\/themify_builder_content-->\n","protected":false},"excerpt":{"rendered":"<p>F\u00f6r att komma ig\u00e5ng med en shop hos oss p\u00e5 NeH Store s\u00e5 beh\u00f6ver ni k\u00f6pa ett startpaket. Det fungerar egentligen som en garanti f\u00f6r oss, f\u00f6r att vi ska kunna ta fram transfertryck till er och l\u00e4gga p\u00e5 lager.<\/p>\n<p><strong>Det som ing\u00e5r i detta startpaket \u00e4r f\u00f6ljande:<\/strong><br \/>\n<strong>&#8211; Transfertryck sm\u00e5<\/strong><br \/>\n<strong>&#8211; Brodyrkort litet<br \/>\n&#8211; Transfertryck stora<br \/>\n&#8211; Brodyrkort stort<br \/>\n&#8211; Tillval av namntryck \/ siffror p\u00e5 era produkter<br \/>\n<\/strong><\/p>\n<p><em><strong>Detta startpaket beh\u00f6ver v\u00e4ljas om ni \u00f6nskar stora loggor p\u00e5 era plagg i shoppen.<br \/>\n<\/strong><\/em><\/p>\n<p>F\u00f6ljande ing\u00e5r i de andra startpaketen, men <strong>inte<\/strong> i detta startpaket:<br \/>\n&#8211; Expresshj\u00e4lp (ni prioriteras f\u00f6rst i k\u00f6n om ni beh\u00f6ver hj\u00e4lp med nya produkter och annat)<br \/>\n&#8211; Uppdatering av ert sortiment utan kostnad<\/p>\n","protected":false},"featured_media":594,"comment_status":"open","ping_status":"closed","template":"","meta":[],"product_cat":[24],"product_tag":[75,73],"class_list":{"0":"post-596","1":"product","2":"type-product","3":"status-publish","4":"has-post-thumbnail","6":"product_cat-startpaket","7":"product_tag-extra","8":"product_tag-startpaket","9":"has-post-title","10":"has-post-date","11":"has-post-category","12":"has-post-tag","13":"has-post-comment","14":"has-post-author","15":"","17":"first","18":"instock","19":"sold-individually","20":"shipping-taxable","21":"purchasable","22":"product-type-simple"},"builder_content":"","_links":{"self":[{"href":"https:\/\/nehreklam.se\/eshop\/nywebbshop\/wp-json\/wp\/v2\/product\/596","targetHints":{"allow":["GET"]}}],"collection":[{"href":"https:\/\/nehreklam.se\/eshop\/nywebbshop\/wp-json\/wp\/v2\/product"}],"about":[{"href":"https:\/\/nehreklam.se\/eshop\/nywebbshop\/wp-json\/wp\/v2\/types\/product"}],"replies":[{"embeddable":true,"href":"https:\/\/nehreklam.se\/eshop\/nywebbshop\/wp-json\/wp\/v2\/comments?post=596"}],"wp:featuredmedia":[{"embeddable":true,"href":"https:\/\/nehreklam.se\/eshop\/nywebbshop\/wp-json\/wp\/v2\/media\/594"}],"wp:attachment":[{"href":"https:\/\/nehreklam.se\/eshop\/nywebbshop\/wp-json\/wp\/v2\/media?parent=596"}],"wp:term":[{"taxonomy":"product_cat","embeddable":true,"href":"https:\/\/nehreklam.se\/eshop\/nywebbshop\/wp-json\/wp\/v2\/product_cat?post=596"},{"taxonomy":"product_tag","embeddable":true,"href":"https:\/\/nehreklam.se\/eshop\/nywebbshop\/wp-json\/wp\/v2\/product_tag?post=596"}],"curies":[{"name":"wp","href":"https:\/\/api.w.org\/{rel}","templated":true}]}}