{"id":1295,"date":"2025-09-18T14:13:04","date_gmt":"2025-09-18T14:13:04","guid":{"rendered":"https:\/\/nehreklam.se\/eshop\/smc\/?post_type=product&#038;p=1295"},"modified":"2025-09-18T14:18:17","modified_gmt":"2025-09-18T14:18:17","slug":"sweatshirt-reflex-smc","status":"publish","type":"product","link":"https:\/\/nehreklam.se\/eshop\/smc\/produkt\/sweatshirt-reflex-smc\/","title":{"rendered":"Sweatshirt Reflex, SMC"},"content":{"rendered":"<!--themify_builder_content-->\n<div id=\"themify_builder_content-1295\" data-postid=\"1295\" class=\"themify_builder_content themify_builder_content-1295 themify_builder tf_clear\">\n    <\/div>\n<!--\/themify_builder_content-->\n","protected":false},"excerpt":{"rendered":"<p>Rundhalsad sweatshirt i bomull och \u00e5tervunnen polyester, unisex. Elastisk ribb 2&#215;2 med dubbels\u00f6m vid \u00e4rmslut och nederkant. Mjukt stabiliserat tyg l\u00e4mpligt f\u00f6r intensiv tv\u00e4tt med anti-pilling-finish.<\/p>\n<div>\n<div class=\"sc-s31epd-0 dytKe d-inline f3-700 mr-1\"><strong>Material:<\/strong> 80% bomull och 20% \u00e5tervunnen polyester<\/div>\n<\/div>\n<div>\n<div class=\"sc-s31epd-0 dytKe d-inline f3-700 mr-1\"><strong>Vikt:<\/strong> 260 g\/m\u00b2<br \/>\n<strong>F\u00f6r\u00e4dling:<\/strong> Tryckt logga i reflexmaterial<\/div>\n<\/div>\n","protected":false},"featured_media":1268,"template":"","meta":{"_uag_custom_page_level_css":""},"product_brand":[],"product_cat":[145,44],"product_tag":[],"class_list":{"0":"post-1295","1":"product","2":"type-product","3":"status-publish","4":"has-post-thumbnail","6":"product_cat-host","7":"product_cat-klader","8":"has-post-title","9":"has-post-date","10":"has-post-category","11":"has-post-tag","12":"has-post-comment","13":"has-post-author","14":"","16":"first","17":"instock","18":"taxable","19":"shipping-taxable","20":"purchasable","21":"product-type-variable"},"uagb_featured_image_src":{"full":["https:\/\/nehreklam.se\/eshop\/smc\/wp-content\/uploads\/2025\/09\/ReflexHood-SMC.jpg",850,850,false],"thumbnail":["https:\/\/nehreklam.se\/eshop\/smc\/wp-content\/uploads\/2025\/09\/ReflexHood-SMC-150x150.jpg",150,150,true],"medium":["https:\/\/nehreklam.se\/eshop\/smc\/wp-content\/uploads\/2025\/09\/ReflexHood-SMC-300x300.jpg",300,300,true],"medium_large":["https:\/\/nehreklam.se\/eshop\/smc\/wp-content\/uploads\/2025\/09\/ReflexHood-SMC-768x768.jpg",768,768,true],"large":["https:\/\/nehreklam.se\/eshop\/smc\/wp-content\/uploads\/2025\/09\/ReflexHood-SMC.jpg",850,850,false],"1536x1536":["https:\/\/nehreklam.se\/eshop\/smc\/wp-content\/uploads\/2025\/09\/ReflexHood-SMC.jpg",850,850,false],"2048x2048":["https:\/\/nehreklam.se\/eshop\/smc\/wp-content\/uploads\/2025\/09\/ReflexHood-SMC.jpg",850,850,false],"woocommerce_thumbnail":["https:\/\/nehreklam.se\/eshop\/smc\/wp-content\/uploads\/2025\/09\/ReflexHood-SMC-300x300.jpg",300,300,true],"woocommerce_single":["https:\/\/nehreklam.se\/eshop\/smc\/wp-content\/uploads\/2025\/09\/ReflexHood-SMC-600x600.jpg",600,600,true],"woocommerce_gallery_thumbnail":["https:\/\/nehreklam.se\/eshop\/smc\/wp-content\/uploads\/2025\/09\/ReflexHood-SMC-100x100.jpg",100,100,true]},"uagb_author_info":{"display_name":"neh-smc","author_link":"https:\/\/nehreklam.se\/eshop\/smc\/author\/"},"uagb_comment_info":0,"uagb_excerpt":"Rundhalsad sweatshirt i bomull och \u00e5tervunnen polyester, unisex. Elastisk ribb 2x2 med dubbels\u00f6m vid \u00e4rmslut och nederkant. Mjukt stabiliserat tyg l\u00e4mpligt f\u00f6r intensiv tv\u00e4tt med anti-pilling-finish. Material: 80% bomull och 20% \u00e5tervunnen polyester Vikt: 260 g\/m\u00b2 F\u00f6r\u00e4dling: Tryckt logga i reflexmaterial","builder_content":"","_links":{"self":[{"href":"https:\/\/nehreklam.se\/eshop\/smc\/wp-json\/wp\/v2\/product\/1295","targetHints":{"allow":["GET"]}}],"collection":[{"href":"https:\/\/nehreklam.se\/eshop\/smc\/wp-json\/wp\/v2\/product"}],"about":[{"href":"https:\/\/nehreklam.se\/eshop\/smc\/wp-json\/wp\/v2\/types\/product"}],"wp:featuredmedia":[{"embeddable":true,"href":"https:\/\/nehreklam.se\/eshop\/smc\/wp-json\/wp\/v2\/media\/1268"}],"wp:attachment":[{"href":"https:\/\/nehreklam.se\/eshop\/smc\/wp-json\/wp\/v2\/media?parent=1295"}],"wp:term":[{"taxonomy":"product_brand","embeddable":true,"href":"https:\/\/nehreklam.se\/eshop\/smc\/wp-json\/wp\/v2\/product_brand?post=1295"},{"taxonomy":"product_cat","embeddable":true,"href":"https:\/\/nehreklam.se\/eshop\/smc\/wp-json\/wp\/v2\/product_cat?post=1295"},{"taxonomy":"product_tag","embeddable":true,"href":"https:\/\/nehreklam.se\/eshop\/smc\/wp-json\/wp\/v2\/product_tag?post=1295"}],"curies":[{"name":"wp","href":"https:\/\/api.w.org\/{rel}","templated":true}]}}