{"id":1482,"date":"2026-01-29T08:54:04","date_gmt":"2026-01-29T08:54:04","guid":{"rendered":"https:\/\/nehreklam.se\/eshop\/smc\/?post_type=product&#038;p=1482"},"modified":"2026-02-05T10:06:13","modified_gmt":"2026-02-05T10:06:13","slug":"keps-retro-ung","status":"publish","type":"product","link":"https:\/\/nehreklam.se\/eshop\/smc\/produkt\/keps-retro-ung\/","title":{"rendered":"Keps Retro, UNG"},"content":{"rendered":"<!--themify_builder_content-->\n<div id=\"themify_builder_content-1482\" data-postid=\"1482\" class=\"themify_builder_content themify_builder_content-1482 themify_builder tf_clear\">\n    <\/div>\n<!--\/themify_builder_content-->\n","protected":false},"excerpt":{"rendered":"<div id=\"product-details-description\" class=\"tab-pane active\">\n<div class=\"description\">\n<div id=\"product-details-description\" class=\"tab-pane active\">\n<div class=\"description\">\n<p>En vintage keps i borstad, tv\u00e4ttad bomull. Fempanelsmodell med h\u00f6g profil. Mjuk ovandel utan struktur, samt l\u00e4tt kr\u00f6kt topp. Sydda ventilations\u00f6glor och rem i samma material med m\u00e4ssingseffektsp\u00e4nne.<\/p>\n<p><strong>M\u00e4rkning<\/strong>: broderad logga<br \/>\n<strong>Storlekar<\/strong>: one size<\/p>\n<\/div>\n<\/div>\n<\/div>\n<\/div>\n","protected":false},"featured_media":1501,"template":"","meta":{"_uag_custom_page_level_css":""},"product_brand":[],"product_cat":[149],"product_tag":[],"class_list":{"0":"post-1482","1":"product","2":"type-product","3":"status-publish","4":"has-post-thumbnail","6":"product_cat-smc-ung","7":"has-post-title","8":"has-post-date","9":"has-post-category","10":"has-post-tag","11":"has-post-comment","12":"has-post-author","13":"","15":"first","16":"instock","17":"taxable","18":"shipping-taxable","19":"purchasable","20":"product-type-simple"},"uagb_featured_image_src":{"full":["https:\/\/nehreklam.se\/eshop\/smc\/wp-content\/uploads\/2026\/01\/KepsUNG.jpg",850,850,false],"thumbnail":["https:\/\/nehreklam.se\/eshop\/smc\/wp-content\/uploads\/2026\/01\/KepsUNG-150x150.jpg",150,150,true],"medium":["https:\/\/nehreklam.se\/eshop\/smc\/wp-content\/uploads\/2026\/01\/KepsUNG-300x300.jpg",300,300,true],"medium_large":["https:\/\/nehreklam.se\/eshop\/smc\/wp-content\/uploads\/2026\/01\/KepsUNG-768x768.jpg",768,768,true],"large":["https:\/\/nehreklam.se\/eshop\/smc\/wp-content\/uploads\/2026\/01\/KepsUNG.jpg",850,850,false],"1536x1536":["https:\/\/nehreklam.se\/eshop\/smc\/wp-content\/uploads\/2026\/01\/KepsUNG.jpg",850,850,false],"2048x2048":["https:\/\/nehreklam.se\/eshop\/smc\/wp-content\/uploads\/2026\/01\/KepsUNG.jpg",850,850,false],"woocommerce_thumbnail":["https:\/\/nehreklam.se\/eshop\/smc\/wp-content\/uploads\/2026\/01\/KepsUNG-300x300.jpg",300,300,true],"woocommerce_single":["https:\/\/nehreklam.se\/eshop\/smc\/wp-content\/uploads\/2026\/01\/KepsUNG-600x600.jpg",600,600,true],"woocommerce_gallery_thumbnail":["https:\/\/nehreklam.se\/eshop\/smc\/wp-content\/uploads\/2026\/01\/KepsUNG-100x100.jpg",100,100,true]},"uagb_author_info":{"display_name":"neh-smc","author_link":"https:\/\/nehreklam.se\/eshop\/smc\/author\/"},"uagb_comment_info":0,"uagb_excerpt":"En vintage keps i borstad, tv\u00e4ttad bomull. Fempanelsmodell med h\u00f6g profil. Mjuk ovandel utan struktur, samt l\u00e4tt kr\u00f6kt topp. Sydda ventilations\u00f6glor och rem i samma material med m\u00e4ssingseffektsp\u00e4nne. M\u00e4rkning: broderad logga Storlekar: one size","builder_content":"","_links":{"self":[{"href":"https:\/\/nehreklam.se\/eshop\/smc\/wp-json\/wp\/v2\/product\/1482","targetHints":{"allow":["GET"]}}],"collection":[{"href":"https:\/\/nehreklam.se\/eshop\/smc\/wp-json\/wp\/v2\/product"}],"about":[{"href":"https:\/\/nehreklam.se\/eshop\/smc\/wp-json\/wp\/v2\/types\/product"}],"wp:featuredmedia":[{"embeddable":true,"href":"https:\/\/nehreklam.se\/eshop\/smc\/wp-json\/wp\/v2\/media\/1501"}],"wp:attachment":[{"href":"https:\/\/nehreklam.se\/eshop\/smc\/wp-json\/wp\/v2\/media?parent=1482"}],"wp:term":[{"taxonomy":"product_brand","embeddable":true,"href":"https:\/\/nehreklam.se\/eshop\/smc\/wp-json\/wp\/v2\/product_brand?post=1482"},{"taxonomy":"product_cat","embeddable":true,"href":"https:\/\/nehreklam.se\/eshop\/smc\/wp-json\/wp\/v2\/product_cat?post=1482"},{"taxonomy":"product_tag","embeddable":true,"href":"https:\/\/nehreklam.se\/eshop\/smc\/wp-json\/wp\/v2\/product_tag?post=1482"}],"curies":[{"name":"wp","href":"https:\/\/api.w.org\/{rel}","templated":true}]}}