{"id":516,"date":"2024-11-04T13:47:12","date_gmt":"2024-11-04T13:47:12","guid":{"rendered":"https:\/\/nehreklam.se\/eshop\/smc\/?post_type=product&#038;p=516"},"modified":"2025-09-04T11:24:40","modified_gmt":"2025-09-04T11:24:40","slug":"ryggsack-reflex-smc","status":"publish","type":"product","link":"https:\/\/nehreklam.se\/eshop\/smc\/produkt\/ryggsack-reflex-smc\/","title":{"rendered":"Ryggs\u00e4ck Reflex, SMC"},"content":{"rendered":"<!--themify_builder_content-->\n<div id=\"themify_builder_content-516\" data-postid=\"516\" class=\"themify_builder_content themify_builder_content-516 themify_builder tf_clear\">\n    <\/div>\n<!--\/themify_builder_content-->\n","protected":false},"excerpt":{"rendered":"<p>Basic ryggs\u00e4ck i reflekterande material f\u00f6r god synlighet i m\u00f6rker. En stor tryckyta finnes som \u00e4r obehandlad. Reflekteringsindex 250.<\/p>\n<p><strong>Material<\/strong>: 600D polyester med reflekterande PU-bel\u00e4ggning<br \/>\n<strong>M\u00e5tt och volym<\/strong>: 29 x 18 x 42 cm \u2248 21 L<br \/>\n<strong>F\u00f6r\u00e4dling<\/strong>: Broderad logga<\/p>\n","protected":false},"featured_media":674,"template":"","meta":{"_uag_custom_page_level_css":""},"product_brand":[],"product_cat":[145,46],"product_tag":[],"class_list":{"0":"post-516","1":"product","2":"type-product","3":"status-publish","4":"has-post-thumbnail","6":"product_cat-host","7":"product_cat-ovrigt","8":"has-post-title","9":"has-post-date","10":"has-post-category","11":"has-post-tag","12":"has-post-comment","13":"has-post-author","14":"","16":"first","17":"instock","18":"taxable","19":"shipping-taxable","20":"purchasable","21":"product-type-simple"},"uagb_featured_image_src":{"full":["https:\/\/nehreklam.se\/eshop\/smc\/wp-content\/uploads\/2025\/01\/RyggsackReflex-SMC.jpg",850,850,false],"thumbnail":["https:\/\/nehreklam.se\/eshop\/smc\/wp-content\/uploads\/2025\/01\/RyggsackReflex-SMC-150x150.jpg",150,150,true],"medium":["https:\/\/nehreklam.se\/eshop\/smc\/wp-content\/uploads\/2025\/01\/RyggsackReflex-SMC-300x300.jpg",300,300,true],"medium_large":["https:\/\/nehreklam.se\/eshop\/smc\/wp-content\/uploads\/2025\/01\/RyggsackReflex-SMC-768x768.jpg",768,768,true],"large":["https:\/\/nehreklam.se\/eshop\/smc\/wp-content\/uploads\/2025\/01\/RyggsackReflex-SMC.jpg",850,850,false],"1536x1536":["https:\/\/nehreklam.se\/eshop\/smc\/wp-content\/uploads\/2025\/01\/RyggsackReflex-SMC.jpg",850,850,false],"2048x2048":["https:\/\/nehreklam.se\/eshop\/smc\/wp-content\/uploads\/2025\/01\/RyggsackReflex-SMC.jpg",850,850,false],"woocommerce_thumbnail":["https:\/\/nehreklam.se\/eshop\/smc\/wp-content\/uploads\/2025\/01\/RyggsackReflex-SMC-300x300.jpg",300,300,true],"woocommerce_single":["https:\/\/nehreklam.se\/eshop\/smc\/wp-content\/uploads\/2025\/01\/RyggsackReflex-SMC-600x600.jpg",600,600,true],"woocommerce_gallery_thumbnail":["https:\/\/nehreklam.se\/eshop\/smc\/wp-content\/uploads\/2025\/01\/RyggsackReflex-SMC-100x100.jpg",100,100,true]},"uagb_author_info":{"display_name":"neh-smc","author_link":"https:\/\/nehreklam.se\/eshop\/smc\/author\/"},"uagb_comment_info":0,"uagb_excerpt":"Basic ryggs\u00e4ck i reflekterande material f\u00f6r god synlighet i m\u00f6rker. En stor tryckyta finnes som \u00e4r obehandlad. Reflekteringsindex 250. Material: 600D polyester med reflekterande PU-bel\u00e4ggning M\u00e5tt och volym: 29 x 18 x 42 cm \u2248 21 L F\u00f6r\u00e4dling: Broderad logga","builder_content":"","_links":{"self":[{"href":"https:\/\/nehreklam.se\/eshop\/smc\/wp-json\/wp\/v2\/product\/516","targetHints":{"allow":["GET"]}}],"collection":[{"href":"https:\/\/nehreklam.se\/eshop\/smc\/wp-json\/wp\/v2\/product"}],"about":[{"href":"https:\/\/nehreklam.se\/eshop\/smc\/wp-json\/wp\/v2\/types\/product"}],"wp:featuredmedia":[{"embeddable":true,"href":"https:\/\/nehreklam.se\/eshop\/smc\/wp-json\/wp\/v2\/media\/674"}],"wp:attachment":[{"href":"https:\/\/nehreklam.se\/eshop\/smc\/wp-json\/wp\/v2\/media?parent=516"}],"wp:term":[{"taxonomy":"product_brand","embeddable":true,"href":"https:\/\/nehreklam.se\/eshop\/smc\/wp-json\/wp\/v2\/product_brand?post=516"},{"taxonomy":"product_cat","embeddable":true,"href":"https:\/\/nehreklam.se\/eshop\/smc\/wp-json\/wp\/v2\/product_cat?post=516"},{"taxonomy":"product_tag","embeddable":true,"href":"https:\/\/nehreklam.se\/eshop\/smc\/wp-json\/wp\/v2\/product_tag?post=516"}],"curies":[{"name":"wp","href":"https:\/\/api.w.org\/{rel}","templated":true}]}}