{"id":157,"date":"2020-02-18T11:24:55","date_gmt":"2020-02-18T11:24:55","guid":{"rendered":"https:\/\/nehreklam.se\/eshop\/styrkelyftforbundet\/?post_type=product&#038;p=157"},"modified":"2023-02-13T10:42:01","modified_gmt":"2023-02-13T10:42:01","slug":"vaska-ssf","status":"publish","type":"product","link":"https:\/\/nehreklam.se\/eshop\/styrkelyftforbundet\/produkt\/vaska-ssf\/","title":{"rendered":"V\u00e4ska, SSF"},"content":{"rendered":"","protected":false},"excerpt":{"rendered":"<p>Sportbetonad ryggs\u00e4ck med plats f\u00f6r de viktigaste prylarna. Reglerbara remmar p\u00e5 vardera sida, reflexpiping p\u00e5 utsidan. Ficka med synlig dragkedja fram. Rej\u00e4lt handtag i gummimaterial. Flera innerfickor med plats f\u00f6r sm\u00e5saker och mobiltelefon. Vadderade baksida f\u00f6r sk\u00f6n komfort mot ryggen. Reglerbara och vadderade b\u00e4rremmar.<br \/>\nM\u00e5tt och volym: 46x28x13cm \u2248 16 L<\/p>\n","protected":false},"featured_media":152,"template":"","meta":[],"product_brand":[],"product_cat":[19],"product_tag":[],"class_list":{"0":"post-157","1":"product","2":"type-product","3":"status-publish","4":"has-post-thumbnail","6":"product_cat-supporter","8":"first","9":"instock","10":"taxable","11":"shipping-taxable","12":"purchasable","13":"product-type-variable"},"_links":{"self":[{"href":"https:\/\/nehreklam.se\/eshop\/styrkelyftforbundet\/wp-json\/wp\/v2\/product\/157","targetHints":{"allow":["GET"]}}],"collection":[{"href":"https:\/\/nehreklam.se\/eshop\/styrkelyftforbundet\/wp-json\/wp\/v2\/product"}],"about":[{"href":"https:\/\/nehreklam.se\/eshop\/styrkelyftforbundet\/wp-json\/wp\/v2\/types\/product"}],"wp:featuredmedia":[{"embeddable":true,"href":"https:\/\/nehreklam.se\/eshop\/styrkelyftforbundet\/wp-json\/wp\/v2\/media\/152"}],"wp:attachment":[{"href":"https:\/\/nehreklam.se\/eshop\/styrkelyftforbundet\/wp-json\/wp\/v2\/media?parent=157"}],"wp:term":[{"taxonomy":"product_brand","embeddable":true,"href":"https:\/\/nehreklam.se\/eshop\/styrkelyftforbundet\/wp-json\/wp\/v2\/product_brand?post=157"},{"taxonomy":"product_cat","embeddable":true,"href":"https:\/\/nehreklam.se\/eshop\/styrkelyftforbundet\/wp-json\/wp\/v2\/product_cat?post=157"},{"taxonomy":"product_tag","embeddable":true,"href":"https:\/\/nehreklam.se\/eshop\/styrkelyftforbundet\/wp-json\/wp\/v2\/product_tag?post=157"}],"curies":[{"name":"wp","href":"https:\/\/api.w.org\/{rel}","templated":true}]}}