{"id":1665,"date":"2025-02-17T12:57:38","date_gmt":"2025-02-17T12:57:38","guid":{"rendered":"https:\/\/nehreklam.se\/eshop\/styrkelyftforbundet\/?post_type=product&#038;p=1665"},"modified":"2025-10-13T03:18:40","modified_gmt":"2025-10-13T03:18:40","slug":"jacka-premium-ssf","status":"publish","type":"product","link":"https:\/\/nehreklam.se\/eshop\/styrkelyftforbundet\/produkt\/jacka-premium-ssf\/","title":{"rendered":"Jacka Premium, SSF"},"content":{"rendered":"<p><img loading=\"lazy\" decoding=\"async\" class=\"alignnone size-full wp-image-1666\" src=\"http:\/\/media29.nehreklam.se\/2025\/02\/0200977_sv_storlek_page-0001-scaled.jpg\" alt=\"\" width=\"2560\" height=\"1440\" srcset=\"http:\/\/media29.nehreklam.se\/2025\/02\/0200977_sv_storlek_page-0001-scaled.jpg 2560w, http:\/\/media29.nehreklam.se\/2025\/02\/0200977_sv_storlek_page-0001-300x169.jpg 300w, http:\/\/media29.nehreklam.se\/2025\/02\/0200977_sv_storlek_page-0001-1024x576.jpg 1024w, http:\/\/media29.nehreklam.se\/2025\/02\/0200977_sv_storlek_page-0001-768x432.jpg 768w, http:\/\/media29.nehreklam.se\/2025\/02\/0200977_sv_storlek_page-0001-1536x864.jpg 1536w, http:\/\/media29.nehreklam.se\/2025\/02\/0200977_sv_storlek_page-0001-2048x1152.jpg 2048w, http:\/\/media29.nehreklam.se\/2025\/02\/0200977_sv_storlek_page-0001-416x234.jpg 416w\" sizes=\"auto, (max-width: 2560px) 100vw, 2560px\" \/> <img loading=\"lazy\" decoding=\"async\" class=\"alignnone size-full wp-image-1667\" src=\"http:\/\/media29.nehreklam.se\/2025\/02\/0200976_sv_storlek_page-0001-scaled.jpg\" alt=\"\" width=\"2560\" height=\"1440\" srcset=\"http:\/\/media29.nehreklam.se\/2025\/02\/0200976_sv_storlek_page-0001-scaled.jpg 2560w, http:\/\/media29.nehreklam.se\/2025\/02\/0200976_sv_storlek_page-0001-300x169.jpg 300w, http:\/\/media29.nehreklam.se\/2025\/02\/0200976_sv_storlek_page-0001-1024x576.jpg 1024w, http:\/\/media29.nehreklam.se\/2025\/02\/0200976_sv_storlek_page-0001-768x432.jpg 768w, http:\/\/media29.nehreklam.se\/2025\/02\/0200976_sv_storlek_page-0001-1536x864.jpg 1536w, http:\/\/media29.nehreklam.se\/2025\/02\/0200976_sv_storlek_page-0001-2048x1152.jpg 2048w, http:\/\/media29.nehreklam.se\/2025\/02\/0200976_sv_storlek_page-0001-416x234.jpg 416w\" sizes=\"auto, (max-width: 2560px) 100vw, 2560px\" \/> <img loading=\"lazy\" decoding=\"async\" class=\"alignnone size-full wp-image-1668\" src=\"http:\/\/media29.nehreklam.se\/2025\/02\/0200905_sv_storlek_page-0001-scaled.jpg\" alt=\"\" width=\"2560\" height=\"1440\" srcset=\"http:\/\/media29.nehreklam.se\/2025\/02\/0200905_sv_storlek_page-0001-scaled.jpg 2560w, http:\/\/media29.nehreklam.se\/2025\/02\/0200905_sv_storlek_page-0001-300x169.jpg 300w, http:\/\/media29.nehreklam.se\/2025\/02\/0200905_sv_storlek_page-0001-1024x576.jpg 1024w, http:\/\/media29.nehreklam.se\/2025\/02\/0200905_sv_storlek_page-0001-768x432.jpg 768w, http:\/\/media29.nehreklam.se\/2025\/02\/0200905_sv_storlek_page-0001-1536x864.jpg 1536w, http:\/\/media29.nehreklam.se\/2025\/02\/0200905_sv_storlek_page-0001-2048x1152.jpg 2048w, http:\/\/media29.nehreklam.se\/2025\/02\/0200905_sv_storlek_page-0001-416x234.jpg 416w\" sizes=\"auto, (max-width: 2560px) 100vw, 2560px\" \/><\/p>\n","protected":false},"excerpt":{"rendered":"<p>En varm och l\u00e4tt jacka med dunliknande vaddering. Tillverkad av 100% \u00e5tervunnen polyamid. Avtagbar huva, tre ytterfickor med dragkedjor och tv\u00e5 innerfickor. Elastiskt avslut i nederkant samt \u00e4rmar. Utrustad med f\u00e4rgade zippullers, h\u00f6rlursl\u00f6sning och dragkedja.<\/p>\n<p>Broderad logga p\u00e5 v\u00e4nster br\u00f6st<\/p>\n<p>Storleksguide finns l\u00e4ngre ned p\u00e5 sidan.<\/p>\n","protected":false},"featured_media":1669,"template":"","meta":[],"product_brand":[],"product_cat":[19],"product_tag":[],"class_list":{"0":"post-1665","1":"product","2":"type-product","3":"status-publish","4":"has-post-thumbnail","6":"product_cat-supporter","8":"first","9":"instock","10":"taxable","11":"shipping-taxable","12":"purchasable","13":"product-type-variable"},"_links":{"self":[{"href":"https:\/\/nehreklam.se\/eshop\/styrkelyftforbundet\/wp-json\/wp\/v2\/product\/1665","targetHints":{"allow":["GET"]}}],"collection":[{"href":"https:\/\/nehreklam.se\/eshop\/styrkelyftforbundet\/wp-json\/wp\/v2\/product"}],"about":[{"href":"https:\/\/nehreklam.se\/eshop\/styrkelyftforbundet\/wp-json\/wp\/v2\/types\/product"}],"wp:featuredmedia":[{"embeddable":true,"href":"https:\/\/nehreklam.se\/eshop\/styrkelyftforbundet\/wp-json\/wp\/v2\/media\/1669"}],"wp:attachment":[{"href":"https:\/\/nehreklam.se\/eshop\/styrkelyftforbundet\/wp-json\/wp\/v2\/media?parent=1665"}],"wp:term":[{"taxonomy":"product_brand","embeddable":true,"href":"https:\/\/nehreklam.se\/eshop\/styrkelyftforbundet\/wp-json\/wp\/v2\/product_brand?post=1665"},{"taxonomy":"product_cat","embeddable":true,"href":"https:\/\/nehreklam.se\/eshop\/styrkelyftforbundet\/wp-json\/wp\/v2\/product_cat?post=1665"},{"taxonomy":"product_tag","embeddable":true,"href":"https:\/\/nehreklam.se\/eshop\/styrkelyftforbundet\/wp-json\/wp\/v2\/product_tag?post=1665"}],"curies":[{"name":"wp","href":"https:\/\/api.w.org\/{rel}","templated":true}]}}

<p>En varm och lätt jacka med dunliknande vaddering. Tillverkad av 100% återvunnen polyamid. Avtagbar huva, tre ytterfickor med dragkedjor och två innerfickor. Elastiskt avslut i nederkant samt ärmar. Utrustad med färgade zippullers, hörlurslösning och dragkedja.</p>
<p>Broderad logga på vänster bröst</p>
<p>Storleksguide finns längre ned på sidan.</p>
