{"id":1878,"date":"2025-08-26T11:28:54","date_gmt":"2025-08-26T11:28:54","guid":{"rendered":"https:\/\/nehreklam.se\/eshop\/styrkelyftforbundet\/?post_type=product&#038;p=1878"},"modified":"2025-09-22T00:45:28","modified_gmt":"2025-09-22T00:45:28","slug":"huvjacka-ssf","status":"publish","type":"product","link":"https:\/\/nehreklam.se\/eshop\/styrkelyftforbundet\/produkt\/huvjacka-ssf\/","title":{"rendered":"Huvjacka, SSF"},"content":{"rendered":"","protected":false},"excerpt":{"rendered":"<p>En trevlig huvjacka i ett mjukt bondat tyg d\u00e4r polyestern \u00e5tervinns. Utrustad med tv\u00e5 dolda sidfickor med dragkedja och tv\u00e5 innerfickor. Muddar i tyg och nederkant med elastiskt band. L\u00e5sbar dragsko f\u00f6r en justerbar huva. Finns i b\u00e5de dam- och herrstorlekar.<\/p>\n<p><a href=\"https:\/\/nehstore.com\/klubb\/storlekstabell-hood-hayden\/\">Storlekstabell<\/a><\/p>\n<div>\n<div class=\"sc-s31epd-0 dmFsCg d-inline f3-700 mr-1\"><strong>Material:<\/strong> 50% spun dyed polyester, 24% \u00e5tervunnen polyester, 20% viskos och 6% elastan<\/div>\n<\/div>\n<div>\n<div class=\"sc-s31epd-0 dmFsCg d-inline f3-700 mr-1\"><strong>Vikt:<\/strong> 300 g\/m2<br \/>\n<strong>F\u00f6r\u00e4dling:<\/strong> Tryckt logga<\/div>\n<\/div>\n<p>&nbsp;<\/p>\n","protected":false},"featured_media":1880,"template":"","meta":[],"product_brand":[],"product_cat":[19],"product_tag":[],"class_list":{"0":"post-1878","1":"product","2":"type-product","3":"status-publish","4":"has-post-thumbnail","6":"product_cat-supporter","8":"first","9":"instock","10":"taxable","11":"shipping-taxable","12":"purchasable","13":"product-type-variable"},"_links":{"self":[{"href":"https:\/\/nehreklam.se\/eshop\/styrkelyftforbundet\/wp-json\/wp\/v2\/product\/1878","targetHints":{"allow":["GET"]}}],"collection":[{"href":"https:\/\/nehreklam.se\/eshop\/styrkelyftforbundet\/wp-json\/wp\/v2\/product"}],"about":[{"href":"https:\/\/nehreklam.se\/eshop\/styrkelyftforbundet\/wp-json\/wp\/v2\/types\/product"}],"wp:featuredmedia":[{"embeddable":true,"href":"https:\/\/nehreklam.se\/eshop\/styrkelyftforbundet\/wp-json\/wp\/v2\/media\/1880"}],"wp:attachment":[{"href":"https:\/\/nehreklam.se\/eshop\/styrkelyftforbundet\/wp-json\/wp\/v2\/media?parent=1878"}],"wp:term":[{"taxonomy":"product_brand","embeddable":true,"href":"https:\/\/nehreklam.se\/eshop\/styrkelyftforbundet\/wp-json\/wp\/v2\/product_brand?post=1878"},{"taxonomy":"product_cat","embeddable":true,"href":"https:\/\/nehreklam.se\/eshop\/styrkelyftforbundet\/wp-json\/wp\/v2\/product_cat?post=1878"},{"taxonomy":"product_tag","embeddable":true,"href":"https:\/\/nehreklam.se\/eshop\/styrkelyftforbundet\/wp-json\/wp\/v2\/product_tag?post=1878"}],"curies":[{"name":"wp","href":"https:\/\/api.w.org\/{rel}","templated":true}]}}

<p>En trevlig huvjacka i ett mjukt bondat tyg där polyestern återvinns. Utrustad med två dolda sidfickor med dragkedja och två innerfickor. Muddar i tyg och nederkant med elastiskt band. Låsbar dragsko för en justerbar huva. Finns i både dam- och herrstorlekar.</p>
<p><a href="https://nehstore.com/klubb/storlekstabell-hood-hayden/">Storlekstabell</a></p>
<div>
<div class="sc-s31epd-0 dmFsCg d-inline f3-700 mr-1"><strong>Material:</strong> 50% spun dyed polyester, 24% återvunnen polyester, 20% viskos och 6% elastan</div>
</div>
<div>
<div class="sc-s31epd-0 dmFsCg d-inline f3-700 mr-1"><strong>Vikt:</strong> 300 g/m2<br />
<strong>Förädling:</strong> Tryckt logga</div>
</div>
<p>&nbsp;</p>
