{"id":1978,"date":"2026-02-24T11:58:40","date_gmt":"2026-02-24T11:58:40","guid":{"rendered":"https:\/\/nehreklam.se\/eshop\/styrkelyftforbundet\/?post_type=product&#038;p=1978"},"modified":"2026-04-28T00:06:21","modified_gmt":"2026-04-28T00:06:21","slug":"jacka-softshell-ssf","status":"publish","type":"product","link":"https:\/\/nehreklam.se\/eshop\/styrkelyftforbundet\/produkt\/jacka-softshell-ssf\/","title":{"rendered":"Jacka Softshell, SSF"},"content":{"rendered":"","protected":false},"excerpt":{"rendered":"<p>3-lagers softshelljacka tillverkad i \u00e5tervunnen polyester. Ton-i-ton omv\u00e4nd dragkedja mitt fram samt tre utv\u00e4ndiga fickor och tv\u00e5 innerfickor. Elastiskt avslut i nederkant samt \u00e4rmar.<\/p>\n<p>Broderad logga p\u00e5 v\u00e4nster br\u00f6st<\/p>\n<p><a href=\"https:\/\/nehstore.com\/klubb\/storlekstabell-softshelljacka\/\" target=\"_blank\" rel=\"noopener\">F\u00f6r storlekstabell, klicka h\u00e4r<\/a><\/p>\n","protected":false},"featured_media":1977,"template":"","meta":[],"product_brand":[],"product_cat":[19],"product_tag":[],"class_list":{"0":"post-1978","1":"product","2":"type-product","3":"status-publish","4":"has-post-thumbnail","6":"product_cat-supporter","8":"first","9":"instock","10":"taxable","11":"shipping-taxable","12":"purchasable","13":"product-type-variable"},"_links":{"self":[{"href":"https:\/\/nehreklam.se\/eshop\/styrkelyftforbundet\/wp-json\/wp\/v2\/product\/1978","targetHints":{"allow":["GET"]}}],"collection":[{"href":"https:\/\/nehreklam.se\/eshop\/styrkelyftforbundet\/wp-json\/wp\/v2\/product"}],"about":[{"href":"https:\/\/nehreklam.se\/eshop\/styrkelyftforbundet\/wp-json\/wp\/v2\/types\/product"}],"wp:featuredmedia":[{"embeddable":true,"href":"https:\/\/nehreklam.se\/eshop\/styrkelyftforbundet\/wp-json\/wp\/v2\/media\/1977"}],"wp:attachment":[{"href":"https:\/\/nehreklam.se\/eshop\/styrkelyftforbundet\/wp-json\/wp\/v2\/media?parent=1978"}],"wp:term":[{"taxonomy":"product_brand","embeddable":true,"href":"https:\/\/nehreklam.se\/eshop\/styrkelyftforbundet\/wp-json\/wp\/v2\/product_brand?post=1978"},{"taxonomy":"product_cat","embeddable":true,"href":"https:\/\/nehreklam.se\/eshop\/styrkelyftforbundet\/wp-json\/wp\/v2\/product_cat?post=1978"},{"taxonomy":"product_tag","embeddable":true,"href":"https:\/\/nehreklam.se\/eshop\/styrkelyftforbundet\/wp-json\/wp\/v2\/product_tag?post=1978"}],"curies":[{"name":"wp","href":"https:\/\/api.w.org\/{rel}","templated":true}]}}

<p>3-lagers softshelljacka tillverkad i återvunnen polyester. Ton-i-ton omvänd dragkedja mitt fram samt tre utvändiga fickor och två innerfickor. Elastiskt avslut i nederkant samt ärmar.</p>
<p>Broderad logga på vänster bröst</p>
<p><a href="https://nehstore.com/klubb/storlekstabell-softshelljacka/" target="_blank" rel="noopener">För storlekstabell, klicka här</a></p>
